 s(g) be the second derivative of -29*g**5/40 - g**4/12 - g**3/2 - 4*g. Let l(t) be the second derivative of s(t). Is l(-3) a prime number?
False
Is 1*5636*(-4)/(-64)*4 a composite number?
False
Let w(y) = 4*y**3 - 12*y**2 + 16*y - 21. Is w(10) composite?
False
Suppose 4*u = -5*w + 250, -31 - 180 = -4*w - u. Let g be (0 - 1)/(1/(-2)). Suppose -227 - w = -3*y - g*j, 2*j - 8 = 0. Is y a composite number?
True
Is (-18 - -1192)*2/4 prime?
True
Suppose -f = -0*f - 3*m - 2362, 5*f - 3*m = 11846. Is f a composite number?
False
Let h(q) = q. Let w(b) = 51*b - 3. Let r(o) = 6*h(o) + w(o). Is r(2) a composite number?
True
Let u = -8 - -8. Suppose u = 4*w - 2*d - 2*d - 196, d + 253 = 5*w. Is w composite?
True
Let b = 9 + 62. Let w = b + -24. Is w a prime number?
True
Suppose 0 = t + 3*t - 32. Let a(n) = 7*n - 10. Is a(t) composite?
True
Is (1/4)/(8/2848) a prime number?
True
Suppose -4*t = -4*q + 964, -4*q + 1454 = -5*t + 488. Is q a prime number?
True
Suppose y - 37 = -i - 0*i, 136 = 4*y + i. Is y prime?
False
Let l = 1086 - -385. Is l composite?
False
Let v be 12/7 - (-10)/35. Suppose -v*d = 3 - 9. Is d/(-6) - 54/(-4) a prime number?
True
Suppose -2*t - 2817 = -f, 3*f + 3*t - 8453 = 7*t. Is f a composite number?
False
Let j = -4 + 7. Suppose -w + 8 = j*w. Suppose 5*h = -3*c + 138, -w*c + 62 = -2*h - 46. Is c prime?
False
Let g(c) = -c**3 + 17*c**2 + 13*c - 6. Is g(11) a prime number?
True
Suppose 4*f = 4 - 0. Let y be (4/((-8)/(-6)))/f. Is ((-1)/y)/(3/(-333)) composite?
False
Let u(h) = -2*h**3 - 12*h**2 + 9*h + 15. Let n(q) = 3*q**3 + 18*q**2 - 14*q - 23. Let a(c) = -5*n(c) - 8*u(c). Is a(-6) composite?
False
Suppose v = -2*b + 1742 + 1940, -5*v = 0. Is b prime?
False
Let f = 6 + -4. Suppose -7*k + 35 = -f*k. Let z(x) = x**3 - 8*x**2 + 10*x. Is z(k) composite?
True
Is 1/((2/(-1174))/(-1)) a prime number?
True
Let n(g) = -g**3 - g**2 + 4*g - 7. Let c be n(-9). Is c/(-20)*-4*1 prime?
False
Let x(c) = c**3 - 8*c**2 - 4*c + 2. Suppose f + f = 18. Is x(f) a prime number?
True
Suppose 5*h + 0*h + 3*z - 107 = 0, 0 = -5*h + 5*z + 115. Is h composite?
True
Is (-6)/2 + 4 - (-1 - 233) composite?
True
Suppose 0 = -5*x - 2*p + 100, 3*x - 6*p = -3*p + 60. Let t = x - -13. Is t prime?
False
Is -22*(-1)/(12/222) prime?
False
Suppose f - 11 = -2*j + 14, 5*j = 2*f + 67. Suppose 22 + j = a. Is a prime?
False
Let w be (15/(-12))/(2/(-8)). Is (-1 + -556)/(4 - w) composite?
False
Let h = -826 + 1457. Is h prime?
True
Let p(j) = 60*j**2 + 2*j - 3. Is p(1) a composite number?
False
Suppose 0 = -0*d + 2*d - 4. Let a be 40/(-6) + d/3. Is 34 + a - (-3)/1 a composite number?
False
Suppose -z - 5*y = -34, 2*y - 15 - 31 = -4*z. Suppose 2*r - 47 = -z. Is r prime?
True
Let z(r) = -r**3 + 2*r**2 - 5*r - 2. Let f be z(-3). Suppose -7*p - 5*j + 120 = -6*p, -3*p + j = -312. Let o = p - f. Is o composite?
False
Suppose -3*q + c - 109 = 0, c + 14 = 2*q + 85. Is 1/6*q*-3 composite?
False
Let h(k) = -k**3 - 8*k**2 - 6*k + 3. Let i be h(-6). Suppose 2*p + 12 = -0*p. Is (-2811)/i - p/(-33) a composite number?
True
Let p be 1 + ((-12)/3)/2. Let d = 2 + p. Is 2*d + 76/4 prime?
False
Let y(g) = g**2 - g + 2. Let i be y(2). Suppose i*f - 944 = 3*s, f + 173 = 4*s + 422. Is f prime?
True
Let u = 615 - -20. Is u a prime number?
False
Let o = 3 + -7. Let v = o - -6. Is v a prime number?
True
Let k(j) = 5*j**2 - 11*j - 11. Is k(6) composite?
False
Let w(j) be the third derivative of j**5/30 - 5*j**4/12 + 3*j**3/2 + j**2. Is w(7) a composite number?
False
Let a be (-104)/(-6)*(-30)/(-4). Let d = -41 + a. Is d a composite number?
False
Let y(g) = -114*g**3 - 4*g**2 - 3*g + 3. Is y(-2) composite?
True
Suppose 1 = -3*a + 4, -2*a + 136 = x. Is x prime?
False
Let k(r) = 26*r**2 + 7*r + 2. Let x be (-2)/(-6) - 48/9. Let q be k(x). Let b = q - 400. Is b composite?
True
Is (-3429)/(-27)*(7 - 0) a prime number?
False
Let y be (-358)/(-6) + (-4)/(-12). Suppose 12 = -2*u - 58. Let f = u + y. Is f a prime number?
False
Let f(m) = -m**2 + m. Let n be f(2). Is n/(-3) + (-3995)/(-15) a prime number?
False
Suppose n + n + 5*m - 354 = 0, -2*m = 0. Is n prime?
False
Let b be 3/(-12) + (-42)/(-8). Let q = b - 3. Suppose q*l + l - 105 = 0. Is l a prime number?
False
Suppose -5*t + 9*t - 8 = 0. Suppose 3*n = -t*n + 245. Is n a composite number?
True
Let t(q) = -8*q**2 - q. Let j(k) = 8*k**2 + 2*k - 1. Let c(n) = 3*j(n) + 2*t(n). Is c(2) a prime number?
True
Let n be (196/8)/((-2)/(-4)). Let q = 6 - -8. Let l = n - q. Is l a prime number?
False
Let o(c) be the first derivative of c**4/4 - 5*c**3/3 - c**2/2 + 5*c - 1. Let j be o(5). Suppose h + j*h = 21. Is h prime?
False
Let v(r) = r**2 - 3*r - 3. Let s(g) = -g**2 + 3*g + 3. Let k(q) = 6*s(q) + 5*v(q). Let o be k(3). Suppose 485 = 2*d + o*d. Is d a composite number?
False
Suppose -6636 = -3*s - 3*r, 3*r + r = -s + 2209. Is s prime?
True
Suppose -3*x + 385 = 2*x. Is x a composite number?
True
Is (-78 - 17)*2/(-2) prime?
False
Let s(q) = -21*q**2 + q - 1. Let y be s(1). Is (-1673)/(-4) - y/28 composite?
False
Suppose 138 = 3*f - 51. Suppose -3*k - 6 = -4*m, 3*k - 3*m + 5 = k. Suppose -k*h - h = -f. Is h a prime number?
False
Let j(c) = -c**3 + 12*c**2 - 2*c - 5. Is j(6) composite?
False
Let x(u) = -8*u**2 - 9*u + 3. Let r be x(7). Let k = -265 - r. Is k a composite number?
True
Suppose 622 = 2*h + 2*h - 2*u, 3*u = 9. Is h prime?
True
Let d = -25 + 97. Let t = d - -115. Is t a composite number?
True
Let p(t) = -15*t - 11. Let q be p(-8). Suppose 0 = 2*d - q - 21. Let f = d + -10. Is f a prime number?
False
Let u = 3 - 1. Suppose 3 = -u*p - 0*p + 5*x, -4*p - 5*x + 9 = 0. Is (1/(-2))/(p/(-26)) prime?
True
Suppose 0 = -u + 199 - 38. Is u composite?
True
Suppose -3*i + 2*i - 2 = 0. Let j(a) = -a**2 + 2. Let s be j(i). Is (s - 1) + 2 + 47 composite?
True
Let b(a) = -a**3 - a**2 + 4*a - 1. Let i be b(-3). Let m = i - 0. Suppose 0 = -0*f + m*f - 50. Is f a composite number?
True
Suppose 4*k + 4*t - 5*t - 125 = 0, -3*k + 96 = -3*t. Is k composite?
False
Let v be 3 + -1 + 8/4. Suppose 8*h - 3*h = 10, 2*h - 20 = -v*f. Suppose -3*j + f*r = -0*r - 13, -4*j = 3*r - 34. Is j prime?
True
Let j = -1514 + 2893. Is j composite?
True
Suppose -48 = -4*g + 152. Let n = 87 - g. Is n a composite number?
False
Let u(s) = 6*s**2 - 12*s + 6. Let f be u(9). Suppose -l + f = 53. Is l a prime number?
True
Let g be 32/(-18) + (-2)/9. Let z be 3*6*(-3)/g. Suppose z + 88 = 5*u. Is u a composite number?
False
Let p(a) = -124*a + 3. Is p(-2) a composite number?
False
Let v(s) = 6*s**2 + 13*s - 4. Is v(5) prime?
True
Let q be (3 - -12)/(2/12). Suppose -q = -2*h + 2*d, d + 52 = 2*h - 36. Is h a composite number?
False
Let n be (-11 - 1)*791/(-14). Suppose -81 = -3*w + n. Is w prime?
False
Suppose -s - 508 = -m, 0*m - 3*s + 2516 = 5*m. Is m prime?
False
Suppose -2*a + 694 = 284. Is a composite?
True
Suppose 5*t + 3*j = -50, -2*t - t + 4*j - 1 = 0. Let n(r) = r**3 + 8*r**2 + 5*r. Is n(t) a composite number?
True
Suppose 0*o + 210 = 3*o. Suppose -2*g + 88 = -o. Is g composite?
False
Suppose w = -2*w. Suppose -x + w*x + 42 = 0. Suppose -6*g + x = -3*g. Is g a composite number?
True
Suppose 4*h = -4*h + 2008. Is h prime?
True
Suppose 10*x = 13*x - 12. Is x/6 + 10439/33 composite?
False
Is -1 - (-332 + 0 + 0) composite?
False
Suppose 13 - 3 = 2*a. Let n(h) = 5*h**2 - 3*h + 3. Is n(a) prime?
True
Let s(g) = 2*g - 6. Let z be s(6). Suppose -824 - 130 = -z*k. Is k prime?
False
Let f = 100 - -693. Is f a prime number?
False
Is ((-4)/4)/((-2)/2354) a prime number?
False
Let v(t) = 28*t**2 - 2*t + 1. Let u be v(2). Let s = 55 + u. Is s/16*8/1 a prime number?
False
Let v = -463 + 902. Is v a composite number?
False
Suppose -o + 259 = 4*s - 0*s, 3*s + 747 = 3*o. Is o a composite number?
False
Suppose 2107 + 5015 = 6*t. Is t a composite number?
False
Let p = 6 - 7. Let a(h) = 38*h**2 - 1. Is a(p) composite?
False
Let o = 8 + -4. Is ((-14)/3)/(o/(-30)) a composite number?
True
Suppose -4*r - 10 = -2*k - 26, 5*k + r + 62 = 0. Is (-215)/(-15)*k/(-2) composite?
True
Let v(c) be the second derivative of 3*c**7/280 - c**6/360 - c**4/24 - c**3/6 - c. Let s(l) be the second derivative of v(l). Is s(2) a composite number?
False
Let o(y) = -y**2 + y + 557. Is o(0) a composite number?
False
Let c(p) = -6*p**3 - p**2 - 16*p - 2. Is c